8?
327
What is the remainder when 9568322 is divided by 38?
36
Calculate the remainder when 33620 is divided by 114.
104
Calculate the remainder when 10783 is divided by 89.
14
Calculate the remainder when 103321 is divided by 257.
7
Calculate the remainder when 940054 is divided by 552.
550
Calculate the remainder when 16547 is divided by 2102.
1833
Calculate the remainder when 95117 is divided by 16.
13
What is the remainder when 23627 is divided by 3428?
3059
What is the remainder when 12241 is divided by 734?
497
Calculate the remainder when 877128 is divided by 877125.
3
Calculate the remainder when 2203 is divided by 183.
7
What is the remainder when 3083 is divided by 1367?
349
What is the remainder when 7556 is divided by 74?
8
What is the remainder when 52932 is divided by 10?
2
Calculate the remainder when 38433 is divided by 3238.
2815
Calculate the remainder when 6259 is divided by 2032.
163
What is the remainder when 154390 is divided by 321?
310
What is the remainder when 47420 is divided by 1580?
20
Calculate the remainder when 1528 is divided by 1510.
18
Calculate the remainder when 6757 is divided by 617.
587
Calculate the remainder when 1011436 is divided by 249.
247
Calculate the remainder when 67518 is divided by 1610.
1508
What is the remainder when 31988 is divided by 27?
20
What is the remainder when 56390 is divided by 18787?
29
What is the remainder when 4192 is divided by 131?
0
What is the remainder when 73925 is divided by 14?
5
Calculate the remainder when 135 is divided by 85.
50
What is the remainder when 155048 is divided by 13?
10
Calculate the remainder when 157810 is divided by 315.
310
What is the remainder when 13270 is divided by 1196?
114
Calculate the remainder when 48698 is divided by 1316.
6
What is the remainder when 85812 is divided by 161?
160
What is the remainder when 1070 is divided by 243?
98
What is the remainder when 48195 is divided by 23960?
275
Calculate the remainder when 96065 is divided by 77.
46
What is the remainder when 6206 is divided by 23?
19
What is the remainder when 376751 is divided by 119?
116
What is the remainder when 7524 is divided by 50?
24
What is the remainder when 45091 is divided by 23?
11
What is the remainder when 294740 is divided by 13?
4
Calculate the remainder when 164695 is divided by 230.
15
What is the remainder when 184864 is divided by 167?
162
Calculate the remainder when 2925 is divided by 966.
27
What is the remainder when 503023 is divided by 58?
47
Calculate the remainder when 35093 is divided by 234.
227
Calculate the remainder when 10520 is divided by 292.
8
What is the remainder when 8975 is divided by 8842?
133
What is the remainder when 3277 is divided by 12?
1
Calculate the remainder when 3602 is divided by 280.
242
What is the remainder when 120148 is divided by 961?
23
What is the remainder when 258620 is divided by 51722?
10
Calculate the remainder when 531 is divided by 87.
9
Calculate the remainder when 27049 is divided by 386.
29
Calculate the remainder when 8423 is divided by 35.
23
What is the remainder when 258998 is divided by 175?
173
What is the remainder when 102233 is divided by 360?
353
What is the remainder when 11272 is divided by 751?
7
Calculate the remainder when 22023 is divided by 7325.
48
Calculate the remainder when 32372 is divided by 35.
32
What is the remainder when 82447 is divided by 97?
94
What is the remainder when 270376 is divided by 1009?
973
Calculate the remainder when 2857 is divided by 462.
85
Calculate the remainder when 6964 is divided by 38.
10
What is the remainder when 241466 is divided by 936?
914
Calculate the remainder when 71435 is divided by 98.
91
Calculate the remainder when 13973 is divided by 107.
63
What is the remainder when 34128 is divided by 6824?
8
Calculate the remainder when 74876 is divided by 72.
68
What is the remainder when 1102 is divided by 606?
496
What is the remainder when 8538 is divided by 2795?
153
Calculate the remainder when 17932 is divided by 4042.
1764
Calculate the remainder when 9661 is divided by 65.
41
Calculate the remainder when 7090 is divided by 78.
70
What is the remainder when 10456 is divided by 154?
138
Calculate the remainder when 23349 is divided by 98.
25
Calculate the remainder when 3183 is divided by 1051.
30
What is the remainder when 9619 is divided by 12?
7
What is the remainder when 37668 is divided by 219?
0
What is the remainder when 79076 is divided by 60?
56
Calculate the remainder when 2843 is divided by 133.
50
Calculate the remainder when 1288161 is divided by 185.
6
What is the remainder when 9970 is divided by 433?
11
What is the remainder when 16260 is divided by 13?
10
What is the remainder when 3058 is divided by 1001?
55
What is the remainder when 2465 is divided by 150?
65
Calculate the remainder when 4828 is divided by 12.
4
Calculate the remainder when 10969 is divided by 5477.
15
What is the remainder when 36718 is divided by 147?
115
Calculate the remainder when 938374 is divided by 24.
22
What is the remainder when 20147 is divided by 180?
167
What is the remainder when 4534 is divided by 499?
43
What is the remainder when 101952 is divided by 143?
136
What is the remainder when 32174 is divided by 275?
274
Calculate the remainder when 6861 is divided by 163.
15
Calculate the remainder when 506 is divided by 491.
15
Calculate the remainder when 8310 is divided by 163.
160
What is the remainder when 12987 is divided by 112?
107
Calculate the remainder when 57841 is divided by 194.
29
Calculate the remainder when 3901 is divided by 445.
341
Calculate the remainder when 41697 is divided by 546.
201
What is the remainder when 1208 is divided by 287?
60
Calculate the remainder when 3963 is divided by 125.
88
What is the remainder when 14753 is divided by 1022?
445
Calculate the remainder when 51144 is divided by 110.
104
Calculate the remainder when 313320 is divided by 313315.
5
Calculate the remainder when 13257 is divided by 260.
257
What is the remainder when 833 is divided by 4?
1
Calculate the remainder when 5621 is divided by 2.
1
What is the remainder when 104425 is divided by 212?
121
What is the remainder when 3420 is divided by 10?
0
Calculate the remainder when 97443 is divided by 109.
106
What is the remainder when 35024 is divided by 4365?
104
What is the remainder when 14614 is divided by 43?
37
Calculate the remainder when 136812 is divided by 2631.
0
Calculate the remainder when 43654 is divided by 1321.
61
What is the remainder when 12779 is divided by 321?
260
What is the remainder when 1033972 is divided by 9?
7
Calculate the remainder when 419 is divided by 278.
141
What is the remainder when 17465 is divided by 265?
240
What is the remainder when 12131 is divided by 29?
9
Calculate the remainder when 225498 is divided by 48.
42
Calculate the remainder when 279309 is divided by 46.
43
Calculate the remainder when 28697 is divided by 70.
67
What is the remainder when 87687 is divided by 3131?
19
What is the remainder when 2996 is divided by 995?
11
What is the remainder when 10452 is divided by 1161?
3
Calculate the remainder when 16574 is divided by 593.
563
What is the remainder when 1866887 is divided by 7?
1
What is the remainder when 35122 is divided by 61?
47
What is the remainder when 15660 is divided by 5208?
36
What is the remainder when 1604 is divided by 77?
64
What is the remainder when 6314 is divided by 27?
23
What is the remainder when 41271 is divided by 65?
61
What is the remainder when 363 is divided by 176?
11
What is the remainder when 16098 is divided by 5272?
282
Calculate the remainder when 9982 is divided by 266.
140
Calculate the remainder when 38869 is divided by 62.
57
What is the remainder when 782936 is divided by 10?
6
Calculate the remainder when 3317 is divided by 484.
413
What is the remainder when 421633 is divided by 20?
13
Calculate the remainder when 3161 is divided by 82.
45
What is the remainder when 22583 is divided by 5636?
39
Calculate the remainder when 8630 is divided by 104.
102
Calculate the remainder when 178263 is divided by 219.
216
Calculate the remainder when 858426 is divided by 235.
206
What is the remainder when 6263 is divided by 312?
23
Calculate the remain